, 3, 9601
What are the prime factors of 479851?
101, 4751
What are the prime factors of 699?
3, 233
List the prime factors of 70090.
2, 5, 43, 163
What are the prime factors of 1416941?
1416941
List the prime factors of 167529.
3, 55843
What are the prime factors of 1396145?
5, 293, 953
List the prime factors of 89824.
2, 7, 401
What are the prime factors of 2893750?
2, 5, 463
List the prime factors of 10288472.
2, 239, 5381
List the prime factors of 40153303.
17, 2361959
List the prime factors of 54646.
2, 89, 307
What are the prime factors of 5963666?
2, 53, 127, 443
What are the prime factors of 1968257?
1968257
What are the prime factors of 13931448?
2, 3, 580477
List the prime factors of 18286664.
2, 11, 19, 10937
List the prime factors of 95772.
2, 3, 23, 347
List the prime factors of 992929.
7, 83, 1709
List the prime factors of 851870.
2, 5, 17, 5011
List the prime factors of 1015413.
3, 7, 48353
What are the prime factors of 874468?
2, 7, 31231
List the prime factors of 389573.
37, 10529
What are the prime factors of 7249462?
2, 11, 23, 14327
What are the prime factors of 26919199?
113, 238223
What are the prime factors of 255475?
5, 11, 929
What are the prime factors of 372347?
23, 16189
List the prime factors of 2345638.
2, 1172819
List the prime factors of 7354540.
2, 5, 17, 97, 223
What are the prime factors of 8995747?
1741, 5167
List the prime factors of 752812.
2, 53, 67
List the prime factors of 1976717.
1976717
List the prime factors of 17755.
5, 53, 67
List the prime factors of 13276523.
13, 1021271
What are the prime factors of 13150069?
313, 42013
What are the prime factors of 620830?
2, 5, 7, 181
What are the prime factors of 1888406?
2, 13, 37, 151
List the prime factors of 6988439.
6988439
List the prime factors of 562161.
3, 187387
What are the prime factors of 273606?
2, 3, 31, 1471
What are the prime factors of 24300?
2, 3, 5
List the prime factors of 24479529.
3, 113, 72211
List the prime factors of 6633209.
11, 523, 1153
List the prime factors of 871776.
2, 3, 1009
List the prime factors of 319835.
5, 47, 1361
What are the prime factors of 752133?
3, 239, 1049
List the prime factors of 472034.
2, 236017
List the prime factors of 1977130.
2, 5, 197713
List the prime factors of 214577.
11, 19507
List the prime factors of 208598.
2, 13, 71, 113
List the prime factors of 1835597.
661, 2777
List the prime factors of 10025559.
3, 19, 19543
What are the prime factors of 377159?
41, 9199
List the prime factors of 2438023.
7, 19, 23, 797
List the prime factors of 77112.
2, 3, 7, 17
List the prime factors of 12523305.
3, 5, 17, 67, 733
What are the prime factors of 352754?
2, 19, 9283
List the prime factors of 146815.
5, 29363
List the prime factors of 132984.
2, 3, 1847
List the prime factors of 47598.
2, 3, 7933
What are the prime factors of 5722099?
5722099
What are the prime factors of 641130?
2, 3, 5, 7, 43, 71
What are the prime factors of 5608045?
5, 17, 3881
List the prime factors of 1122667.
7, 13, 73
List the prime factors of 1211605.
5, 443, 547
What are the prime factors of 922231?
23, 101, 397
List the prime factors of 3515615.
5, 703123
What are the prime factors of 3921424?
2, 13, 17, 1109
What are the prime factors of 522614?
2, 17, 19, 809
List the prime factors of 2055132.
2, 3, 6343
List the prime factors of 81239.
81239
What are the prime factors of 180739?
13, 13903
What are the prime factors of 840555?
3, 5, 18679
What are the prime factors of 9487153?
13, 73, 769
List the prime factors of 349287.
3, 173, 673
List the prime factors of 3151240.
2, 5, 78781
List the prime factors of 24920503.
71, 373, 941
What are the prime factors of 105294?
2, 3, 7, 23, 109
What are the prime factors of 368703?
3, 71, 577
List the prime factors of 118223.
7, 16889
List the prime factors of 307818.
2, 3, 7, 349
What are the prime factors of 3947875?
5, 31583
List the prime factors of 1094708.
2, 23, 73, 163
What are the prime factors of 3921916?
2, 83, 11813
List the prime factors of 3145888.
2, 37, 2657
What are the prime factors of 8332635?
3, 5, 17, 41, 797
List the prime factors of 9868773.
3, 3289591
What are the prime factors of 27496?
2, 7, 491
What are the prime factors of 1781456?
2, 111341
What are the prime factors of 3656936?
2, 457117
List the prime factors of 5572968.
2, 3, 232207
List the prime factors of 109057.
13, 8389
What are the prime factors of 1272580?
2, 5, 63629
What are the prime factors of 5556580?
2, 5, 277829
What are the prime factors of 32676001?
43, 811, 937
What are the prime factors of 637450?
2, 5, 11, 19, 61
List the prime factors of 801647.
7, 11, 29, 359
List the prime factors of 788470.
2, 5, 37, 2131
List the prime factors of 804790.
2, 5, 7, 11497
List the prime factors of 9783619.
17, 421, 1367
List the prime factors of 444009.
3, 47, 67
List the prime factors of 13434.
2, 3, 2239
List the prime factors of 801475.
5, 32059
List the prime factors of 3736683.
3, 415187
What are the prime factors of 527092?
2, 313, 421
What are the prime factors of 39270?
2, 3, 5, 7, 11, 17
List the prime factors of 1113490.
2, 5, 7, 15907
List the prime factors of 18132155.
5, 3626431
What are the prime factors of 22883223?
3, 11, 693431
List the prime factors of 78690.
2, 3, 5, 43, 61
List the prime factors of 11687005.
5, 11, 37, 5743
What are the prime factors of 4070822?
2, 7, 41539
What are the prime factors of 12308103?
3, 107, 12781
List the prime factors of 3875318.
2, 1937659
What are the prime factors of 25847?
25847
List the prime factors of 4248000.
2, 3, 5, 59
List the prime factors of 36279686.
2, 73, 191, 1301
List the prime factors of 528458.
2, 7, 37747
What are the prime factors of 5147817?
3, 547, 3137
List the prime factors of 1728476.
2, 601, 719
What are the prime factors of 7867413?
3, 17, 51421
What are the prime factors of 17514451?
17514451
What are the prime factors of 433329?
3, 13, 41, 271
What are the prime factors of 79993?
167, 479
List the prime factors of 81446.
2, 193, 211
What are the prime factors of 437717?
7, 8933
List the prime factors of 527574.
2, 3, 23, 3823
What are the prime factors of 1142775?
3, 5, 1693
List the prime factors of 2397956.
2, 11, 54499
List the prime factors of 6739349.
599, 11251
List the prime factors of 308606.
2, 154303
List the prime factors of 464121.
3, 7, 53, 139
What are the prime factors of 429985?
5, 23, 3739
List the prime factors of 2787647.
43, 241, 269
What are the prime factors of 544572?
2, 3, 7, 2161
List the prime factors of 31135005.
3, 5, 11, 31, 2029
What are the prime factors of 2784245?
5, 556849
What are the prime factors of 505665?
3, 5, 17, 661
List the prime factors of 18172597.
47, 386651
List the prime factors of 1932363.
3, 71569
List the prime factors of 173602.
2, 11, 13, 607
What are the prime factors of 14957?
14957
What are the prime factors of 68340?
2, 3, 5, 17, 67
List the prime factors of 1253204.
2, 313301
What are the prime factors of 324543?
3, 251, 431
What are the prime factors of 1734884?
2, 17, 31, 823
List the prime factors of 5478092.
2, 41, 33403
List the prime factors of 296349.
3, 173, 571
What are the prime factors of 3239507?
3239507
What are the prime factors of 4756204?
2, 739, 1609
List the prime factors of 10116158.
2, 13, 389083
What are the prime factors of 727368?
2, 3, 30307
List the prime factors of 206840.
2, 5, 5171
What are the prime factors of 111064?
2, 13883
What are the prime factors of 2017606?
2, 23, 1907
List the prime factors of 607291.
17, 139, 257
What are the prime factors of 149551?
149551
List the prime factors of 832631.
832631
List the prime factors of 131309.
19, 6911
What are the prime factors of 716097?
3, 29, 8231
List the prime factors of 1060835.
5, 212167
What are the prime factors of 127878?
2, 3, 21313
List the prime factors of 235614.
2, 3, 107, 367
List the prime factors of 88871.
181, 491
List the prime factors of 1305528.
2, 3, 7, 19, 409
List the prime factors of 4761588.
2, 3, 13, 131, 233
List the prime factors of 320029.
79, 4051
What are the prime factors of 2456027?
7, 50123
What are the prime factors of 4848435?
3, 5, 163, 661
What are the prime factors of 5865141?
3, 1955047
What are the prime factors of 1857906?
2, 3, 103217
What a